he highest common factor of 101662597 and 95.
19
What is the highest common factor of 200 and 35425120?
40
What is the greatest common factor of 76 and 82522852?
76
What is the highest common divisor of 8 and 1330312?
8
What is the greatest common factor of 758225 and 14105?
65
Calculate the greatest common factor of 112586663 and 3430.
343
What is the highest common factor of 141371523 and 72?
9
Calculate the highest common factor of 11837899 and 2482.
1241
Calculate the highest common factor of 1693992 and 58680.
24
Calculate the highest common factor of 1744 and 2935588.
436
What is the greatest common factor of 1140 and 217500?
60
What is the greatest common divisor of 3096459 and 162?
9
What is the greatest common factor of 28759038 and 17556?
462
Calculate the highest common factor of 490 and 61934425.
35
What is the greatest common divisor of 4732 and 3375268?
676
What is the greatest common divisor of 3194640 and 9280?
2320
What is the greatest common factor of 4 and 2316817?
1
What is the highest common divisor of 252 and 32313484?
28
Calculate the highest common divisor of 138282156 and 12780.
2556
Calculate the highest common divisor of 58395 and 2354120.
1145
What is the highest common factor of 24336074 and 931?
133
What is the highest common factor of 1855 and 6092933?
371
What is the highest common divisor of 8316866 and 18179?
53
What is the highest common factor of 2175016 and 160?
8
Calculate the greatest common factor of 247 and 29769618.
19
What is the highest common factor of 119 and 309298?
17
What is the highest common divisor of 1530483 and 6303?
573
What is the greatest common divisor of 1109524 and 85956?
988
Calculate the greatest common factor of 3090665 and 5699.
139
What is the highest common factor of 4821712 and 3136?
112
What is the highest common factor of 6562 and 32?
2
What is the greatest common divisor of 33657648 and 6072?
552
What is the highest common divisor of 108 and 2648148?
12
What is the greatest common divisor of 256 and 13808768?
128
What is the greatest common divisor of 880050 and 1425?
75
What is the highest common factor of 2698 and 1178684?
38
What is the highest common factor of 7092265 and 45?
5
Calculate the greatest common divisor of 132 and 1782372.
12
Calculate the highest common factor of 617533 and 517.
47
What is the highest common factor of 15 and 187365?
15
What is the greatest common factor of 33709230 and 4806?
54
What is the highest common factor of 251218 and 132?
22
What is the highest common factor of 297873 and 6624?
207
Calculate the highest common factor of 466334 and 26561194.
9922
What is the highest common divisor of 7171 and 19525?
71
Calculate the greatest common factor of 18250 and 379125.
125
Calculate the highest common divisor of 64662507 and 936.
117
Calculate the highest common divisor of 16125408 and 40248.
936
What is the highest common factor of 10116 and 1630008?
36
What is the greatest common divisor of 7937930 and 24024?
2002
What is the highest common divisor of 11814 and 11685120?
1074
What is the greatest common factor of 3644 and 75145657?
911
Calculate the highest common factor of 424666180 and 80.
20
What is the greatest common divisor of 88 and 69600008?
8
Calculate the greatest common divisor of 721280 and 24304.
784
Calculate the greatest common divisor of 146 and 10910726.
146
What is the greatest common divisor of 502148 and 14476?
188
What is the greatest common divisor of 3340450 and 8200?
50
What is the highest common divisor of 143 and 194939771?
13
What is the highest common divisor of 10249785 and 387?
9
Calculate the highest common divisor of 46794145 and 5.
5
What is the highest common factor of 6 and 1667958?
6
What is the highest common factor of 148 and 148177193?
37
What is the highest common divisor of 702895 and 15863?
547
What is the greatest common factor of 20394 and 7838721?
99
What is the greatest common divisor of 64 and 12159280?
16
Calculate the highest common factor of 1569672 and 40716.
1404
What is the greatest common factor of 39 and 253291389?
39
Calculate the greatest common factor of 22921275 and 2295.
15
What is the greatest common divisor of 71625 and 366750?
375
What is the greatest common divisor of 936 and 23075676?
468
Calculate the highest common divisor of 35564728 and 2718.
302
Calculate the greatest common factor of 338427 and 11491962.
3639
Calculate the greatest common factor of 321 and 566558901.
321
What is the highest common divisor of 2946394 and 36342?
1346
What is the greatest common factor of 149226 and 902836?
374
What is the greatest common factor of 1415513 and 7271?
11
What is the greatest common divisor of 82 and 1792562066?
82
What is the highest common divisor of 1190 and 88577650?
1190
What is the highest common factor of 86738 and 33925750?
2798
What is the greatest common factor of 1428 and 153974814?
714
What is the highest common factor of 4553 and 105850?
29
What is the highest common factor of 99118686 and 4584?
1146
Calculate the highest common factor of 53302898 and 22.
22
What is the greatest common factor of 48727 and 30443?
7
Calculate the highest common factor of 50688 and 407484.
396
Calculate the greatest common factor of 70514526 and 4218.
222
Calculate the highest common factor of 60794 and 24747.
113
Calculate the highest common factor of 98 and 50860726.
98
Calculate the highest common divisor of 203111100 and 17145.
5715
What is the greatest common divisor of 20544448 and 80?
16
What is the greatest common factor of 13949 and 17292149?
29
Calculate the greatest common divisor of 61424 and 10056.
8
Calculate the highest common factor of 187913796 and 6.
6
What is the greatest common factor of 7683378 and 6585?
1317
What is the highest common divisor of 3585295 and 329?
7
What is the highest common divisor of 2 and 141273742?
2
Calculate the greatest common divisor of 134 and 7736155.
67
Calculate the highest common divisor of 1018746 and 144.
18
What is the greatest common divisor of 6948705 and 240?
15
What is the greatest common divisor of 178 and 33465958?
178
Calculate the greatest common divisor of 44 and 16197104.
44
Calculate the greatest common factor of 23152 and 526992.
16
Calculate the highest common divisor of 14058 and 2720943.
9
Calculate the greatest common factor of 136111228 and 4359.
1453
Calculate the greatest common factor of 6500 and 4470250.
250
What is the greatest common factor of 1255107 and 235410?
1239
What is the highest common factor of 10508 and 1238240?
284
What is the greatest common factor of 308718 and 8046?
54
Calculate the highest common factor of 7638 and 38924856.
402
Calculate the highest common factor of 49345593 and 528.
33
What is the highest common factor of 14183877 and 1654?
827
What is the highest common factor of 3 and 175159317?
3
Calculate the highest common divisor of 1412164 and 663.
13
What is the highest common divisor of 333748935 and 585?
585
What is the highest common divisor of 60711677 and 13?
13
What is the greatest common divisor of 2106 and 3301272?
234
What is the greatest common factor of 48552 and 111432909?
6069
Calculate the highest common factor of 390858 and 9074.
26
What is the greatest common divisor of 34171169 and 552?
23
What is the greatest common divisor of 5839431 and 78?
39
Calculate the greatest common factor of 1059234 and 26862.
726
Calculate the greatest common factor of 4011350 and 1272390.
5110
Calculate the greatest common factor of 1458652 and 27976.
52
What is the greatest common factor of 143 and 4303910?
13
Calculate the greatest common factor of 7750 and 214830.
310
What is the greatest common divisor of 192382631 and 7?
7
What is the greatest common factor of 1616 and 6926681?
101
Calculate the greatest common factor of 386 and 25099843.
193
What is the highest common divisor of 49071286 and 88?
22
Calculate the greatest common divisor of 1333 and 32806463.
1333
Calculate the highest common factor of 52200838 and 1438.
1438
What is the highest common factor of 40770 and 24165?
135
Calculate the greatest common divisor of 16773374 and 1074.
358
What is the highest common factor of 3591 and 3607065?
189
Calculate the greatest common divisor of 20984288 and 2860.
52
Calculate the 